{"id":44,"date":"2021-02-19T09:30:18","date_gmt":"2021-02-19T08:30:18","guid":{"rendered":"https:\/\/www.autenticoraf.com\/?page_id=44"},"modified":"2021-03-07T12:38:42","modified_gmt":"2021-03-07T11:38:42","slug":"donde-se-cultiva","status":"publish","type":"page","link":"https:\/\/www.autenticoraf.com\/index.php\/donde-se-cultiva\/","title":{"rendered":"Donde se cultiva"},"content":{"rendered":"\t\t<div data-elementor-type=\"wp-page\" data-elementor-id=\"44\" class=\"elementor elementor-44\">\n\t\t\t\t\t\t<section class=\"elementor-section elementor-top-section elementor-element elementor-element-2cc2b2a1 elementor-section-content-middle elementor-section-boxed elementor-section-height-default elementor-section-height-default\" data-id=\"2cc2b2a1\" data-element_type=\"section\">\n\t\t\t\t\t\t<div class=\"elementor-container elementor-column-gap-no\">\n\t\t\t\t\t<div class=\"elementor-column elementor-col-100 elementor-top-column elementor-element elementor-element-3b4e45ce\" data-id=\"3b4e45ce\" data-element_type=\"column\">\n\t\t\t<div class=\"elementor-widget-wrap elementor-element-populated\">\n\t\t\t\t\t\t<div class=\"elementor-element elementor-element-9b83068 elementor-widget elementor-widget-text-editor\" data-id=\"9b83068\" data-element_type=\"widget\" data-widget_type=\"text-editor.default\">\n\t\t\t\t<div class=\"elementor-widget-container\">\n\t\t\t\t\t\t\t\t\t<h1><strong>\u00bfD\u00f3nde comprar el autentico tomate raf a precios \u00fanicos?<\/strong><\/h1><div><p style=\"line-height: 19.2pt; background: white; vertical-align: baseline; margin: 0cm 0cm 12.0pt 0cm;\"><span style=\"font-size: 11.0pt; font-family: 'Arial','sans-serif'; color: #666666;\">Aqu\u00ed en autenticoraf.com encontramos la mejor selecci\u00f3n de productos gourmet en tu casa o negocio ya sea para un peque\u00f1o bar, restaurantes hasta grandes estrellas Michelin. <\/span><\/p><\/div>\t\t\t\t\t\t\t\t<\/div>\n\t\t\t\t<\/div>\n\t\t\t\t<div class=\"elementor-element elementor-element-bb910c5 elementor-widget elementor-widget-image\" data-id=\"bb910c5\" data-element_type=\"widget\" data-widget_type=\"image.default\">\n\t\t\t\t<div class=\"elementor-widget-container\">\n\t\t\t\t\t\t\t\t\t\t\t\t\t\t\t<img fetchpriority=\"high\" decoding=\"async\" width=\"1024\" height=\"1000\" src=\"https:\/\/www.autenticoraf.com\/wp-content\/uploads\/2021\/02\/WhatsApp-Image-2021-02-26-at-10.13.511-1024x1000.jpeg\" class=\"attachment-large size-large wp-image-219\" alt=\"\" srcset=\"https:\/\/www.autenticoraf.com\/wp-content\/uploads\/2021\/02\/WhatsApp-Image-2021-02-26-at-10.13.511-1024x1000.jpeg 1024w, https:\/\/www.autenticoraf.com\/wp-content\/uploads\/2021\/02\/WhatsApp-Image-2021-02-26-at-10.13.511-600x586.jpeg 600w, https:\/\/www.autenticoraf.com\/wp-content\/uploads\/2021\/02\/WhatsApp-Image-2021-02-26-at-10.13.511-300x293.jpeg 300w, https:\/\/www.autenticoraf.com\/wp-content\/uploads\/2021\/02\/WhatsApp-Image-2021-02-26-at-10.13.511-768x750.jpeg 768w, https:\/\/www.autenticoraf.com\/wp-content\/uploads\/2021\/02\/WhatsApp-Image-2021-02-26-at-10.13.511.jpeg 1080w\" sizes=\"(max-width: 1024px) 100vw, 1024px\" \/>\t\t\t\t\t\t\t\t\t\t\t\t\t\t\t<\/div>\n\t\t\t\t<\/div>\n\t\t\t\t<div class=\"elementor-element elementor-element-4b9321f9 elementor-widget elementor-widget-heading\" data-id=\"4b9321f9\" data-element_type=\"widget\" data-widget_type=\"heading.default\">\n\t\t\t\t<div class=\"elementor-widget-container\">\n\t\t\t\t\t<h4 class=\"elementor-heading-title elementor-size-default\">Aut\u00e9ntico tomate raf en oferta. Las mejores variedades de tomate raf  est\u00e1n en autenticoraf.com<\/h4>\t\t\t\t<\/div>\n\t\t\t\t<\/div>\n\t\t\t\t<div class=\"elementor-element elementor-element-6b3c67e3 elementor-widget elementor-widget-text-editor\" data-id=\"6b3c67e3\" data-element_type=\"widget\" data-widget_type=\"text-editor.default\">\n\t\t\t\t<div class=\"elementor-widget-container\">\n\t\t\t\t\t\t\t\t\t<p>Las mejores variedades de autentico tomate raf las encotraras en autenticoraf.com. Selecciona el mejor producto que se adapten a tus necesidades. Adem\u00e1s, te ofrecemos toda la informaci\u00f3n y las caracter\u00edsticas nutricionales mas importantes para que no dejes nada al azar. Descubre las incre\u00edbles ofertas que te ofrecemos en la <a href=\"https:\/\/www.autenticoraf.com\/index.php\/tienda\/\"><strong>TIENDA<\/strong><\/a> como\u00a0<strong><a href=\"https:\/\/www.autenticoraf.com\/index.php\/producto\/autentico-tomate-raf\/\">autentico tomate raf<\/a>, <a href=\"https:\/\/www.autenticoraf.com\/index.php\/producto\/tomate-raf-delicias\/\">tomate raf delicias<\/a>, <a href=\"https:\/\/www.autenticoraf.com\/index.php\/producto\/tomate-raf-azul\/\">tomate raf azul<\/a> y <a href=\"https:\/\/www.autenticoraf.com\/index.php\/producto\/tomate-raf-chocoleit\/\">tomate raf chocolate<\/a>.\u00a0<\/strong>Somos\u00a0una empresa familiar que con mucho cari\u00f1o seleccionamos uno a uno nuestro producto para obtener la excelencia.<\/p><p>Consigue tu autentico raf <strong>m\u00e1s pata negra\u00a0<\/strong>de Internet.Tomate raf de Almeria, deliciosos, de temporada, tomatera con autentico precio y de la mejor calidad. Somos conscientes de la situaci\u00f3n vivida por la mayor\u00eda de personas e intentamos reducir al m\u00e1ximo los costes de producci\u00f3n y envio para que la mayor\u00eda de personas puedan disfrutar de este majar.<\/p><p>.\u00a0\u00a0 Aprovecha los descuentos que tenemos en nuestra Tienda. No seas el \u00faltimo en enterarte y cons\u00edguelas ya al mejor precio. Ponerte en contacto con nosotros para solucionar cualquier problema que se te presente. Estamos a tu entera disposici\u00f3n para ayudarte a elegir el mejor tomate raf para ti. No dejes pasar la oportunidad y disfruta<\/p>\t\t\t\t\t\t\t\t<\/div>\n\t\t\t\t<\/div>\n\t\t\t\t<div class=\"elementor-element elementor-element-81c1209 elementor-widget elementor-widget-text-editor\" data-id=\"81c1209\" data-element_type=\"widget\" data-widget_type=\"text-editor.default\">\n\t\t\t\t<div class=\"elementor-widget-container\">\n\t\t\t\t\t\t\t\t\t<h1>\u00bfQu\u00e9 es el tomate Raf?<\/h1><p>Es una variedad de la familia de las solan\u00e1ceas y es obtenido mediante cruces gen\u00e9ticos.<\/p><p>Este tipo de caracter\u00edsticas y de mejoras fue para producir tomates de alta calidad, sabroso y con una textura especial, as\u00ed como mejorar su cultivo contra plagas como el fusarium.Esto hace que sea mejor para nuestros agricultores especializados.<\/p><h2>Pero vamos a ver que m\u00e1s nutrientes y sustancias alimentarias contienen.<\/h2>\t\t\t\t\t\t\t\t<\/div>\n\t\t\t\t<\/div>\n\t\t\t\t<div class=\"elementor-element elementor-element-2c30230 elementor-widget elementor-widget-text-editor\" data-id=\"2c30230\" data-element_type=\"widget\" data-widget_type=\"text-editor.default\">\n\t\t\t\t<div class=\"elementor-widget-container\">\n\t\t\t\t\t\t\t\t\t<h1>\u00bfQui\u00e9n dice que el tomate raf engorda?<\/h1>\n<p>El autentico tomate raf&nbsp; de temporada es beneficioso para la salud. <strong>No engorda<\/strong> sino que puede adelgazar haciendo alguna dieta con este magn\u00edfico producto.&nbsp;<\/p>\t\t\t\t\t\t\t\t<\/div>\n\t\t\t\t<\/div>\n\t\t\t\t<div class=\"elementor-element elementor-element-f5f206d elementor-widget elementor-widget-text-editor\" data-id=\"f5f206d\" data-element_type=\"widget\" data-widget_type=\"text-editor.default\">\n\t\t\t\t<div class=\"elementor-widget-container\">\n\t\t\t\t\t\t\t\t\t<h1>\u00bfQu\u00e9 antioxidantes nos encontramos en el autentico tomate Raf?<\/h1><p>El licopeno\u00a0es un antioxidante con propiedades para evitar el deterioro de la vista y en el autentico raf est\u00e1 muy presente este antioxidante.\u00a0<span style=\"font-style: inherit; font-weight: inherit; color: var( --e-global-color-text ); font-family: var( --e-global-typography-text-font-family ), Sans-serif;\">As\u00ed que comer aut\u00e9ntico tomate raf previene el envejecimiento de la vista y \u00a0la piel. Los <\/span><u style=\"font-style: inherit; font-weight: inherit; color: var( --e-global-color-text ); font-family: var( --e-global-typography-text-font-family ), Sans-serif;\">betacoretos<\/u><span style=\"font-style: inherit; font-weight: inherit; color: var( --e-global-color-text ); font-family: var( --e-global-typography-text-font-family ), Sans-serif;\"> son los defensores del organismo contra la degeneraci\u00f3n celular y el desgaste. Son los mejores \u00a0para el cuidado de la vista, previniendo el envejecimiento de la vista.<\/span><\/p><h2>Propiedades del autentico tomate Raf<\/h2><p>Es principal en nuestra dieta, la dieta mediterr\u00e1nea.<strong style=\"font-style: inherit;\">\u00a0Consumido en diferentes recetas aqu\u00ed os dejo con un surtido de ellas.<\/strong><\/p><p>Al no cocinarlo (crudo) no s\u00e9 pierden sus beneficios, as\u00ed que as\u00ed es de la manera mas sana de comerlo.<\/p><p>Esto evita que su contenido en minerales y vitaminas decaiga, haciendo que, las\u00a0<strong style=\"font-style: inherit;\">propiedades del tomate Raf<\/strong>\u00a0sean las siguientes:<\/p><p><img decoding=\"async\" class=\"emoji\" role=\"img\" draggable=\"false\" src=\"https:\/\/s.w.org\/images\/core\/emoji\/13.0.1\/svg\/2764.svg\" alt=\"\u2764\" \/>Diur\u00e9ticas. Alto contenido en potasio y bajo en sodio evitando la retenci\u00f3n de l\u00edquidos .<\/p><p><img decoding=\"async\" class=\"emoji\" role=\"img\" draggable=\"false\" src=\"https:\/\/s.w.org\/images\/core\/emoji\/13.0.1\/svg\/2764.svg\" alt=\"\u2764\" \/>Evita el estre\u00f1imiento y eso favorece a los \u00f3rganos gastrointestinales<\/p><p><img decoding=\"async\" class=\"emoji\" role=\"img\" draggable=\"false\" src=\"https:\/\/s.w.org\/images\/core\/emoji\/13.0.1\/svg\/2764.svg\" alt=\"\u2764\" \/>Beneficiosas para la hipertensi\u00f3n. Mejora la circulaci\u00f3n sangu\u00ednea, asi como la vitamina k que ayuda a que la sangre no se coagule.<\/p><p><img decoding=\"async\" class=\"emoji\" role=\"img\" draggable=\"false\" src=\"https:\/\/s.w.org\/images\/core\/emoji\/13.0.1\/svg\/2764.svg\" alt=\"\u2764\" \/>Reguladoras del colesterol y estimulantes<\/p><p><span style=\"font-style: inherit; font-weight: inherit; color: var( --e-global-color-text ); font-family: var( --e-global-typography-text-font-family ), Sans-serif;\">\u2764Protege los tejidos de la epidermis. Cuida la piel con sus propiedades antioxidantes<\/span><\/p><p><span style=\"font-style: inherit; font-weight: inherit; color: var( --e-global-color-text ); font-family: var( --e-global-typography-text-font-family ), Sans-serif;\">\u2764Mejora de la vida de los \u00f3rganos vitales.<\/span><\/p><p><span style=\"font-style: inherit; font-weight: inherit; color: var( --e-global-color-text ); font-family: var( --e-global-typography-text-font-family ), Sans-serif;\">\u00a0<\/span><\/p>\t\t\t\t\t\t\t\t<\/div>\n\t\t\t\t<\/div>\n\t\t\t\t\t<\/div>\n\t\t<\/div>\n\t\t\t\t\t<\/div>\n\t\t<\/section>\n\t\t\t\t<section class=\"elementor-section elementor-top-section elementor-element elementor-element-e0f8834 elementor-section-content-middle elementor-section-boxed elementor-section-height-default elementor-section-height-default\" data-id=\"e0f8834\" data-element_type=\"section\">\n\t\t\t\t\t\t<div class=\"elementor-container elementor-column-gap-default\">\n\t\t\t\t\t<div class=\"elementor-column elementor-col-50 elementor-top-column elementor-element elementor-element-4f068d24\" data-id=\"4f068d24\" data-element_type=\"column\">\n\t\t\t<div class=\"elementor-widget-wrap elementor-element-populated\">\n\t\t\t\t\t\t<div class=\"elementor-element elementor-element-5884070f elementor-widget elementor-widget-heading\" data-id=\"5884070f\" data-element_type=\"widget\" data-widget_type=\"heading.default\">\n\t\t\t\t<div class=\"elementor-widget-container\">\n\t\t\t\t\t<h2 class=\"elementor-heading-title elementor-size-default\">\u00bfDonde se cultiva?<\/h2>\t\t\t\t<\/div>\n\t\t\t\t<\/div>\n\t\t\t\t<div class=\"elementor-element elementor-element-2f43ca0e elementor-widget elementor-widget-text-editor\" data-id=\"2f43ca0e\" data-element_type=\"widget\" data-widget_type=\"text-editor.default\">\n\t\t\t\t<div class=\"elementor-widget-container\">\n\t\t\t\t\t\t\t\t\t<p><span style=\"vertical-align: inherit;\"><span style=\"vertical-align: inherit;\"><span style=\"vertical-align: inherit;\"><span style=\"vertical-align: inherit;\">Este cultivo empez\u00f3 a desarrollarse sobre 1969 en la provincia de Almer\u00eda en zonas de tierra f\u00e9rtil y de agua salda, tales como Cabo de Gata(Las salinas y Los Mart\u00ednez) y la zona de la Ca\u00f1ada de San Urbano. Los comienzos fueron muy duros pero gracias al trabajo bien hecho se obtiene el autentico Raf.<\/span><\/span><\/span><\/span><\/p>\t\t\t\t\t\t\t\t<\/div>\n\t\t\t\t<\/div>\n\t\t\t\t<div class=\"elementor-element elementor-element-8f58ffd elementor-widget elementor-widget-heading\" data-id=\"8f58ffd\" data-element_type=\"widget\" data-widget_type=\"heading.default\">\n\t\t\t\t<div class=\"elementor-widget-container\">\n\t\t\t\t\t<h2 class=\"elementor-heading-title elementor-size-default\"><font style=\"vertical-align: inherit\"><font style=\"vertical-align: inherit\">Autentico tomate Raf<\/font><\/font><\/h2>\t\t\t\t<\/div>\n\t\t\t\t<\/div>\n\t\t\t\t<div class=\"elementor-element elementor-element-f35007e elementor-widget elementor-widget-text-editor\" data-id=\"f35007e\" data-element_type=\"widget\" data-widget_type=\"text-editor.default\">\n\t\t\t\t<div class=\"elementor-widget-container\">\n\t\t\t\t\t\t\t\t\t<p><span style=\"vertical-align: inherit;\"><span style=\"vertical-align: inherit;\">Variedad obtenida de la mejor selecci\u00f3n de los tomates tradicionales de la huerta de Almer\u00eda desde 1969. Su variedad es obtenida en Francia mediante un cruce de Marmander Clause y una variedad americana resistente al hongo fusarium.<\/span><\/span><\/p>\t\t\t\t\t\t\t\t<\/div>\n\t\t\t\t<\/div>\n\t\t\t\t\t<\/div>\n\t\t<\/div>\n\t\t\t\t<div class=\"elementor-column elementor-col-50 elementor-top-column elementor-element elementor-element-7803dbc6\" data-id=\"7803dbc6\" data-element_type=\"column\">\n\t\t\t<div class=\"elementor-widget-wrap elementor-element-populated\">\n\t\t\t\t\t\t<div class=\"elementor-element elementor-element-3f26996f elementor-widget__width-inherit elementor-widget elementor-widget-image\" data-id=\"3f26996f\" data-element_type=\"widget\" data-widget_type=\"image.default\">\n\t\t\t\t<div class=\"elementor-widget-container\">\n\t\t\t\t\t\t\t\t\t\t\t\t\t\t\t<img decoding=\"async\" width=\"548\" height=\"366\" src=\"https:\/\/www.autenticoraf.com\/wp-content\/uploads\/2021\/03\/WhatsApp-Image-2021-03-01-at-20.03.02.jpeg\" class=\"attachment-large size-large wp-image-337\" alt=\"\" srcset=\"https:\/\/www.autenticoraf.com\/wp-content\/uploads\/2021\/03\/WhatsApp-Image-2021-03-01-at-20.03.02.jpeg 548w, https:\/\/www.autenticoraf.com\/wp-content\/uploads\/2021\/03\/WhatsApp-Image-2021-03-01-at-20.03.02-300x200.jpeg 300w\" sizes=\"(max-width: 548px) 100vw, 548px\" \/>\t\t\t\t\t\t\t\t\t\t\t\t\t\t\t<\/div>\n\t\t\t\t<\/div>\n\t\t\t\t\t<\/div>\n\t\t<\/div>\n\t\t\t\t\t<\/div>\n\t\t<\/section>\n\t\t\t\t<section class=\"elementor-section elementor-top-section elementor-element elementor-element-176dfa69 elementor-section-content-middle elementor-section-boxed elementor-section-height-default elementor-section-height-default\" data-id=\"176dfa69\" data-element_type=\"section\">\n\t\t\t\t\t\t<div class=\"elementor-container elementor-column-gap-default\">\n\t\t\t\t\t<div class=\"elementor-column elementor-col-50 elementor-top-column elementor-element elementor-element-79b93445\" data-id=\"79b93445\" data-element_type=\"column\">\n\t\t\t<div class=\"elementor-widget-wrap elementor-element-populated\">\n\t\t\t\t\t\t<div class=\"elementor-element elementor-element-5bec224 elementor-widget elementor-widget-heading\" data-id=\"5bec224\" data-element_type=\"widget\" data-widget_type=\"heading.default\">\n\t\t\t\t<div class=\"elementor-widget-container\">\n\t\t\t\t\t<h2 class=\"elementor-heading-title elementor-size-default\">El porqu\u00e9 del precio de un autentico Raf<\/h2>\t\t\t\t<\/div>\n\t\t\t\t<\/div>\n\t\t\t\t<div class=\"elementor-element elementor-element-5844c56b elementor-widget elementor-widget-image\" data-id=\"5844c56b\" data-element_type=\"widget\" data-widget_type=\"image.default\">\n\t\t\t\t<div class=\"elementor-widget-container\">\n\t\t\t\t\t\t\t\t\t\t\t\t\t\t\t<img decoding=\"async\" width=\"282\" height=\"300\" src=\"https:\/\/www.autenticoraf.com\/wp-content\/uploads\/2021\/02\/Planta-tomate-raf-282x300.png\" class=\"attachment-medium size-medium wp-image-181\" alt=\"\" srcset=\"https:\/\/www.autenticoraf.com\/wp-content\/uploads\/2021\/02\/Planta-tomate-raf-282x300.png 282w, https:\/\/www.autenticoraf.com\/wp-content\/uploads\/2021\/02\/Planta-tomate-raf.png 443w\" sizes=\"(max-width: 282px) 100vw, 282px\" \/>\t\t\t\t\t\t\t\t\t\t\t\t\t\t\t<\/div>\n\t\t\t\t<\/div>\n\t\t\t\t\t<\/div>\n\t\t<\/div>\n\t\t\t\t<div class=\"elementor-column elementor-col-50 elementor-top-column elementor-element elementor-element-41558b59\" data-id=\"41558b59\" data-element_type=\"column\">\n\t\t\t<div class=\"elementor-widget-wrap elementor-element-populated\">\n\t\t\t\t\t\t<div class=\"elementor-element elementor-element-47fa0cd6 elementor-widget elementor-widget-text-editor\" data-id=\"47fa0cd6\" data-element_type=\"widget\" data-widget_type=\"text-editor.default\">\n\t\t\t\t<div class=\"elementor-widget-container\">\n\t\t\t\t\t\t\t\t\t<p><span style=\"vertical-align: inherit;\"><span style=\"vertical-align: inherit;\"><span style=\"vertical-align: inherit;\"><span style=\"vertical-align: inherit;\">Un injerto de tomate normal ronda sobre 18 a 20 kg por planta, una de autentico tomate Raf de 4 a 5 kg \u00a0por metro cuadrado de media. Hay miles y miles de hect\u00e1reas de tomate normal pero de autentico Raf solo unos cientos y de ah\u00ed su precio ya que no hay mucha producci\u00f3n. Este cultivo es realizado por profesionales de la agricultura ya que sus tub\u00e9rculos o ra\u00edces hay que tener mucho cuidado y mimo para que sea una exquisitez para su paladar. Su cultivo se realiza en invierno\u00a0 y la temporada de tomate raf tiene un clico muy corto. Muy solicitado en grandes restaurantes, grandes superficies de toda Europa y parte del Mundo.<\/span><\/span><\/span><\/span><\/p>\t\t\t\t\t\t\t\t<\/div>\n\t\t\t\t<\/div>\n\t\t\t\t\t<\/div>\n\t\t<\/div>\n\t\t\t\t\t<\/div>\n\t\t<\/section>\n\t\t\t\t<\/div>\n\t\t","protected":false},"excerpt":{"rendered":"<p>\u00bfD\u00f3nde comprar el autentico tomate raf a precios \u00fanicos? Aqu\u00ed en autenticoraf.com encontramos la mejor selecci\u00f3n de productos gourmet en tu casa o negocio ya sea para un peque\u00f1o bar, restaurantes hasta grandes estrellas Michelin. Aut\u00e9ntico tomate raf en oferta. Las mejores variedades de tomate raf est\u00e1n en autenticoraf.com Las mejores variedades de autentico tomate [&hellip;]<\/p>\n","protected":false},"author":1,"featured_media":0,"parent":0,"menu_order":0,"comment_status":"closed","ping_status":"closed","template":"","meta":{"site-sidebar-layout":"no-sidebar","site-content-layout":"page-builder","ast-site-content-layout":"default","site-content-style":"default","site-sidebar-style":"default","ast-global-header-display":"","ast-banner-title-visibility":"","ast-main-header-display":"","ast-hfb-above-header-display":"","ast-hfb-below-header-display":"","ast-hfb-mobile-header-display":"","site-post-title":"disabled","ast-breadcrumbs-content":"","ast-featured-img":"disabled","footer-sml-layout":"","theme-transparent-header-meta":"default","adv-header-id-meta":"","stick-header-meta":"","header-above-stick-meta":"","header-main-stick-meta":"","header-below-stick-meta":"","astra-migrate-meta-layouts":"default","ast-page-background-enabled":"default","ast-page-background-meta":{"desktop":{"background-color":"","background-image":"","background-repeat":"repeat","background-position":"center center","background-size":"auto","background-attachment":"scroll","background-type":"","background-media":"","overlay-type":"","overlay-color":"","overlay-opacity":"","overlay-gradient":""},"tablet":{"background-color":"","background-image":"","background-repeat":"repeat","background-position":"center center","background-size":"auto","background-attachment":"scroll","background-type":"","background-media":"","overlay-type":"","overlay-color":"","overlay-opacity":"","overlay-gradient":""},"mobile":{"background-color":"","background-image":"","background-repeat":"repeat","background-position":"center center","background-size":"auto","background-attachment":"scroll","background-type":"","background-media":"","overlay-type":"","overlay-color":"","overlay-opacity":"","overlay-gradient":""}},"ast-content-background-meta":{"desktop":{"background-color":"var(--ast-global-color-5)","background-image":"","background-repeat":"repeat","background-position":"center center","background-size":"auto","background-attachment":"scroll","background-type":"","background-media":"","overlay-type":"","overlay-color":"","overlay-opacity":"","overlay-gradient":""},"tablet":{"background-color":"var(--ast-global-color-5)","background-image":"","background-repeat":"repeat","background-position":"center center","background-size":"auto","background-attachment":"scroll","background-type":"","background-media":"","overlay-type":"","overlay-color":"","overlay-opacity":"","overlay-gradient":""},"mobile":{"background-color":"var(--ast-global-color-5)","background-image":"","background-repeat":"repeat","background-position":"center center","background-size":"auto","background-attachment":"scroll","background-type":"","background-media":"","overlay-type":"","overlay-color":"","overlay-opacity":"","overlay-gradient":""}},"_joinchat":[],"footnotes":""},"class_list":["post-44","page","type-page","status-publish","hentry"],"jetpack_sharing_enabled":true,"_links":{"self":[{"href":"https:\/\/www.autenticoraf.com\/index.php\/wp-json\/wp\/v2\/pages\/44","targetHints":{"allow":["GET"]}}],"collection":[{"href":"https:\/\/www.autenticoraf.com\/index.php\/wp-json\/wp\/v2\/pages"}],"about":[{"href":"https:\/\/www.autenticoraf.com\/index.php\/wp-json\/wp\/v2\/types\/page"}],"author":[{"embeddable":true,"href":"https:\/\/www.autenticoraf.com\/index.php\/wp-json\/wp\/v2\/users\/1"}],"replies":[{"embeddable":true,"href":"https:\/\/www.autenticoraf.com\/index.php\/wp-json\/wp\/v2\/comments?post=44"}],"version-history":[{"count":35,"href":"https:\/\/www.autenticoraf.com\/index.php\/wp-json\/wp\/v2\/pages\/44\/revisions"}],"predecessor-version":[{"id":456,"href":"https:\/\/www.autenticoraf.com\/index.php\/wp-json\/wp\/v2\/pages\/44\/revisions\/456"}],"wp:attachment":[{"href":"https:\/\/www.autenticoraf.com\/index.php\/wp-json\/wp\/v2\/media?parent=44"}],"curies":[{"name":"wp","href":"https:\/\/api.w.org\/{rel}","templated":true}]}}